2*k**2 - 653*k + 41. List the prime factors of c(-99).
2, 22543
Let t(s) = -389*s - 2637. What are the prime factors of t(-40)?
12923
Let h be (-275)/3 - (-8)/12. Let u = 4985 + -5106. Let j = h - u. What are the prime factors of j?
2, 3, 5
Let y(z) = 53*z + 23*z - 60*z - 56. List the prime factors of y(6).
2, 5
Let v(b) = -33*b + 34*b - 2 - 4. Let j be v(4). List the prime factors of 21*(j + (-16)/(-6)).
2, 7
Let k(w) = 423*w**2 - 18*w - 17. Let i be 3*(-1)/(-2)*(-16)/24. List the prime factors of k(i).
2, 53
Let b(f) = 742*f**2 + 61*f + 127. List the prime factors of b(-5).
2, 3, 1531
Suppose -3*c + 2*v = 224 + 63, 0 = 2*c + 2*v + 178. Let x = c - -49. Let o = 50 - x. List the prime factors of o.
2, 47
Let n = -42 + 47. Suppose -n*d + 5137 = 6*d. List the prime factors of d.
467
Let l = -426 - -430. Suppose 2274 = l*y - g, 0 = 55*y - 50*y - 5*g - 2835. List the prime factors of y.
569
What are the prime factors of 0 + (-109279)/(-2) - (-105)/(-210)?
3, 13, 467
Let t(k) = 40*k - 64. Let c be t(15). Let y = -262 + c. What are the prime factors of y?
2, 137
Suppose 0 = -32*m + 41*m. Suppose m = 14*f - 22*f + 1080. List the prime factors of f.
3, 5
Let o(y) = 43*y**2 - y + 9. Suppose 4*k + 3*d = -8, -5*k - 10 = -13*d + 11*d. What are the prime factors of o(k)?
3, 61
Let p(z) = 170*z**2 - 33*z - 4. Let t be p(-5). Suppose 27*y - 11323 = -t. What are the prime factors of y?
2
Let u(d) = 2373*d + 6400. List the prime factors of u(8).
2, 19, 167
Suppose 15*c = -5*c - 24*c + 841236. What are the prime factors of c?
3, 6373
Let s = 126 - -65. Suppose 0 = -s*u + 196*u - 1105. List the prime factors of u.
13, 17
Let t(s) = 10*s + 1171. List the prime factors of t(64).
1811
Suppose -602*o = -615*o + 243763. List the prime factors of o.
17, 1103
Let t be (-1)/2*(3 - -7) - -12. Let v(x) = 4*x + 23 - x + 3*x. List the prime factors of v(t).
5, 13
Suppose 0 = -4*r + 2654 - 346. Suppose 2*a = 6, 0 = -3*f + 5*f - 3*a - r. List the prime factors of f.
293
List the prime factors of (76/(-12) + 7)*(-3)/2 - -18308.
18307
Suppose 4*k + 21335 = 14*k - 20665. List the prime factors of k.
2, 3, 5, 7
Let d(f) = -f**2 - 11*f - 23. Let o be d(-9). Let p(i) be the first derivative of i**3/3 - 2*i**2 - 5*i + 4. What are the prime factors of p(o)?
2, 5
Let h = 574 - 299. Let r = h + 16. What are the prime factors of r?
3, 97
Suppose 126 = g + 2*g. Suppose 4*n = 3*b + 114, -n = -2*n - 3*b + 21. Let i = g - n. List the prime factors of i.
3, 5
What are the prime factors of 16501440/450 - (-28)/210?
2, 5, 19, 193
Let g = -190 + 184. List the prime factors of 35/7 + (-496)/g*3.
11, 23
Let k = 62931 - 41814. What are the prime factors of k?
3, 7039
List the prime factors of ((-261)/(-12))/((-9757)/(-13002) + 21/(-28)).
3, 29, 197
Let z(x) = -x**2 + 73*x - 107. Let p(a) = 3*a**3 + 21*a**2 - 6*a - 4. Let w be p(-7). What are the prime factors of z(w)?
1223
Let f(o) = 7*o**3 - 15*o**2 + 18*o + 9. Let w(c) = -12*c**3 + 29*c**2 - 37*c - 19. Let m(b) = 5*f(b) + 3*w(b). What are the prime factors of m(9)?
2, 3, 7
Suppose -7*r + 6*r + 5*v = 412, -2*r = -5*v + 804. What are the prime factors of 150/(-200)*r/6?
7
What are the prime factors of 20119*(10/6 + (-5)/(-45)*12)?
3, 11, 31, 59
Let h(u) = u**3 + 19*u**2 + 15. Let k be h(-19). Let a be (1 + (2 - 1))/(10/k). Suppose -2*c - 20 = 3*i - 116, 90 = a*i + 4*c. What are the prime factors of i?
2, 17
Suppose 6*q + 7*q = 3172. Suppose -5*w = -2*w - 15, f + w = q. List the prime factors of f.
239
What are the prime factors of (8/28 - (-4413216)/112)/((-12)/(-6))?
2, 9851
What are the prime factors of (-958)/6*(-435)/(-10)*32/(-16)?
29, 479
Let w = -25607 + 69351. List the prime factors of w.
2, 1367
Let s(b) be the second derivative of b**5/20 - b**4/2 - 53*b**2/2 + 32*b - 2. List the prime factors of s(10).
347
Let n(k) = -55*k + 87. Let y(o) = 3*o**2 - 15*o + 6. Let d be y(4). What are the prime factors of n(d)?
3, 139
Let m be (2 + 76/(-3))*36/(-30). Let b be (-4)/m + 0 + 232/7. Let t = b - -47. What are the prime factors of t?
2, 5
Let m be 60/14 + 2*2/(-14). Suppose -f = -4*f + 2*n + 505, -m*f - n + 688 = 0. List the prime factors of f.
3, 19
Let v(p) = -p**3 - 6*p**2 + 4*p - 13. Let z(k) = k - 9. Let o be z(7). Let d be 1*2*1*9/o. List the prime factors of v(d).
2, 97
Let a be 3 - 51/6*-2. Let h be 0*(a/(-16))/((-5)/2). Suppose y - 35 = -h. List the prime factors of y.
5, 7
Suppose -22*x = -19*x - 93. Suppose 0 = 2*f - p + x, -5*p = -7*f + 2*f - 80. List the prime factors of (20/4)/f + (-302)/(-6).
2, 5
Suppose -50797 = -d + 142*k - 145*k, 3*d + 3*k = 152361. What are the prime factors of d?
2, 25391
Let f = -172 + 175. Suppose -2 = -2*t, -f*t - 171 = -4*j + 2*j. List the prime factors of j.
3, 29
Suppose 320960 = 4*m - 5*o, 7*m + 3*o + 80247 = 8*m. What are the prime factors of m?
3, 5, 1783
Let y(n) = -15*n - 2. Let l be y(-2). Suppose z + l = 19. Let m = z + 138. What are the prime factors of m?
3, 43
Suppose 145 = -2*z + 115. Let u(a) = -5*a + 11. List the prime factors of u(z).
2, 43
Let p(s) = -30*s + 68. Let c(r) = -r. Let l(m) = 5*c(m) + p(m). List the prime factors of l(-20).
2, 3
Suppose 150*g - 4740681 = -1627431. List the prime factors of g.
5, 7, 593
Let z = 130 - -505. Suppose 5*f - z = 5*i, -12*f + 15*f + i - 361 = 0. List the prime factors of f.
2, 61
Suppose -4*r + 11 = -i, 3 = 4*r - 3*i - 6. Suppose 0 = z - 5*z - v + 1144, -867 = -3*z - r*v. List the prime factors of z.
3, 5, 19
Suppose -3*f - 17 = -2*g, -g - 5*f = -3*f - 26. Suppose 4*r - 16 = q + q, 0 = 4*q - 4*r + g. Suppose q = -6*z + 45 + 351. List the prime factors of z.
2, 3, 11
Let c(d) = 19*d + 43. Let w be c(-2). What are the prime factors of (-67)/((-328)/64 + w)?
2, 67
Suppose 5*j = -2*z + 4035, -z - 30*j + 27*j + 2016 = 0. List the prime factors of z.
3, 5
Suppose 6*i - 260 = 10*i. What are the prime factors of (-2 - i) + -2 + -2?
59
Let l(h) be the third derivative of h**6/120 + h**5/12 + h**4/6 + 5*h**3/6 + h**2. Suppose -4*w = 5*k + 26, k = -2*w + 14 - 24. List the prime factors of l(w).
5
Suppose -5*j = -2*q + 2038, -2*j - 818 = -4*q + 6*q. Let f = j + 1022. List the prime factors of f.
2, 307
Suppose 5*i + 27512 + 18929 = w, -5*i = 40. List the prime factors of w.
3, 15467
Let f(j) = -j**3 - 7*j**2 + 10*j + 14. Let d be (-1)/(-4)*-6*(-96)/(-18). Let i be f(d). Let o(v) = 68*v**2 - v - 4. What are the prime factors of o(i)?
2, 3, 5
Let o = 1777 - -76804. What are the prime factors of o?
179, 439
Let b = 117 - 103. Suppose 354 = b*a - 12*a. List the prime factors of a.
3, 59
Let h(c) be the third derivative of c**5/20 + c**4/24 - 17*c**3/6 - 5*c**2. Let k be h(-4). Suppose -19*i - 2064 = -k*i. What are the prime factors of i?
2, 3, 43
Suppose -88586 = -3*c - 5*y, -87259 = -2*c - y - 28197. What are the prime factors of c?
2, 3, 23, 107
Suppose 37*q - 997681 - 671098 = -186670. List the prime factors of q.
41, 977
Let m be ((-1532)/(-16))/(2/16). Suppose 0 = f + 5*x - 383, m = 2*f - 2*x - x. List the prime factors of f.
383
Suppose 340 = 33*a - 28*a. Suppose 0 = y + 61 - a. Suppose -4 = -w + y. List the prime factors of w.
11
Let x(i) = 86*i + 27. Let o be x(-7). What are the prime factors of -3 - o - (2 + -3)?
3, 191
Let t be (-156)/(-91)*462/2. Suppose u - 5*c - 63 = 63, 0 = 3*u + 3*c - t. List the prime factors of u.
131
Suppose 0*k - 4*k - 72 = 0. What are the prime factors of (-8680)/k - 0 - 16/72?
2, 241
Let a(k) = 3*k + 12. Let o be a(-5). Let l be 29 + o/1*1 + 3. Let q = l - 4. What are the prime factors of q?
5
Suppose -5*s + 38 + 227 = 0. Suppose -46*a = -s*a + 3451. What are the prime factors of a?
17, 29
Let y = -453 + 964. Let z = y + -60. List the prime factors of z.
11, 41
Suppose -3*l + q = -7*l + 3541, -3*l + 2652 = 2*q. List the prime factors of l.
2, 443
Let l(p) = -2*p**3 + p**2 - 16*p - 11. Let c(j) = j**3 - j**2 + 16*j + 10. Let h(v) = 4*c(v) + 3*l(v). List the prime factors of h(-7).
2, 7, 19
Suppose 18 = 3*q - 30. Suppose 4*z - 4 = 2*o, -3*o - 5*z + 0*z + q = 0. List the prime factors of o/(((-2)/33)/(12/(-18))).
2, 11
Suppose 0 = 7*s + 7*s - 1176. Suppose 0 = -5*w + 201 + s. List the prime factors of w.
3, 19
Suppose 2*o + v - 49 - 176 = 0, 12 = -4*v. Suppose o = x + 4*k, -5 + 10 = 5*k. List the prime factors of x.
2, 5, 11
